common factor of c and 15.
5
Let o = -28 - -123. What is the highest common divisor of o and 38?
19
Suppose -a - 4*q - 15 = -2, 4*a = q - 1. Let h be (a/(-2))/1*2. Calculate the greatest common divisor of h and 3.
1
Suppose 41 = -b + 113. Calculate the greatest common divisor of b and 8.
8
Let l(s) = -s**3 + s**2 + s. Let v(h) = 5*h**3 - 4*h**2 - 5*h + 5. Let a(z) = -4*l(z) - v(z). Let n be a(-4). What is the greatest common divisor of 11 and n?
11
Let f be ((-3)/(3/(-3)))/(6/416). Calculate the highest common divisor of 16 and f.
16
Let g(i) = 52*i**3. Let w be g(1). What is the highest common factor of w and 13?
13
Suppose 0 = -4*p + 2 + 14. Suppose 3*c - 209 = -5*k, -2*k = 3*k - c - 197. Suppose 4*o = 184 - k. What is the highest common divisor of o and p?
4
Suppose 5*a + 10 = -10. Let h = a - -8. Calculate the highest common divisor of h and 16.
4
Let w(p) = -15*p + 29. Let j be w(-12). Calculate the greatest common divisor of 22 and j.
11
Let d be (-2)/(-2) + 2/2. Suppose 4*q = -5*y + 70, -y + 2*q = 5*q - 14. Calculate the highest common factor of d and y.
2
Let p(f) = f**3 - 4*f**2 + f - 2. Suppose 0*d - 8 = -2*d. Let z be p(d). Let u = -10 + 20. What is the greatest common divisor of u and z?
2
Let d = -279 - -90. Let w = d + 288. Calculate the highest common factor of w and 11.
11
Suppose 3 + 17 = 4*u. Suppose u*v - 224 = v. What is the highest common factor of 8 and v?
8
Suppose 6 = b + b, 4*j + 23 = 5*b. Let t(y) = y**3 + 2*y**2 - 2*y - 2. Let r be t(j). What is the greatest common factor of 4 and r?
2
Suppose r = -5*s - 10, 9*s - 4*s = 4*r - 35. Suppose 5*x - 191 = -31. Suppose r*z - x = 118. What is the greatest common factor of 6 and z?
6
Let k be 8/2 + 1 + -3. Suppose 7*o - 35 = k*o. What is the greatest common divisor of 49 and o?
7
Let d = -135 - -267. Let l be 4*((-2)/(-4) - -2). Let q be (-1 - (-14)/l)*30. Calculate the greatest common factor of d and q.
12
Let f be (-6)/(-4) - ((-732)/8)/3. Calculate the highest common factor of f and 8.
8
Let c(m) = -5*m**2 - 4 - m - m**3 - 1 + 3. Let p be c(-5). Suppose -4*t - p*s + 41 = 0, -5*s + 70 = 5*t + 20. Calculate the greatest common divisor of 77 and t.
11
Let w = -54 + 56. Calculate the greatest common divisor of w and 8.
2
Let f = -162 - -171. What is the highest common divisor of 1 and f?
1
Let n = -6 + 10. Suppose 51 = 2*x - 0*j - 3*j, n*x - 4*j = 92. What is the greatest common factor of 126 and x?
18
Let p = 65 - 49. What is the highest common divisor of 24 and p?
8
Let f be (45/(-12))/((-3)/32). What is the highest common divisor of f and 10?
10
Let p = 10 - 4. Let z(v) = 2*v**2 + 5*v + 2. Let d be z(p). Calculate the greatest common divisor of 13 and d.
13
Suppose 2*l - 10 = 2. Let i be l - (-3)/((-3)/(-2)). What is the greatest common factor of i and 24?
8
Let n = 180 + -85. Let w = 57 - n. Let l = w - -68. What is the highest common factor of 10 and l?
10
Suppose n - 63 + 8 = 0. Calculate the greatest common divisor of n and 11.
11
Suppose 0*a + 4*n - 14 = -a, a - 26 = -n. Calculate the greatest common factor of 60 and a.
30
Let x = 60 + -12. What is the highest common divisor of x and 120?
24
Let f be 3/5 + (-496)/(-40). What is the greatest common factor of f and 26?
13
Let h = 15 - -5. Calculate the greatest common divisor of h and 100.
20
Let b = -5 - -26. Suppose 5*q = -4*s + 19, -4*q - 2*s + 8 = -6*s. Suppose -5*y + 29 = -2*f, y + q*f = f + 13. Calculate the greatest common factor of y and b.
7
Suppose 3*u - 92 = 4. Calculate the greatest common divisor of u and 48.
16
Suppose 76 = s - 41. Let d be (-5)/(-25) - (-259)/5. Suppose -2*q + d = 2*q. What is the greatest common factor of q and s?
13
Suppose 4*h + 177 = 497. Calculate the greatest common divisor of 16 and h.
16
Let s(q) = -28*q - 2. Let w be s(-4). Let x = 4 + 6. What is the greatest common factor of x and w?
10
Let b = 4 + -4. Suppose -n = -6*n - w + 62, b = -2*w - 6. Calculate the highest common divisor of 91 and n.
13
Let f = 16 + -10. Suppose h = f*h - 4*u - 41, 3 = 3*h + 3*u. Suppose -d = -5*k - 4*d + 441, -h*d - 285 = -3*k. What is the highest common factor of k and 18?
18
Let v = 46 - 70. Let r = v + 31. What is the highest common factor of 14 and r?
7
Let h = -3 + 19. Suppose -b - 356 = -4*b - 4*j, b + j = 117. Calculate the greatest common factor of b and h.
16
Let h = -27 + 44. Let c = h - 16. Let k be 2/(-2 - 16/(-7)). Calculate the greatest common divisor of k and c.
1
Suppose -13*x = -15*x + 12. Let r = x + 9. What is the greatest common divisor of 60 and r?
15
Suppose -r + 2*u + 54 = 3*r, 2*r + 4*u - 42 = 0. Let s(m) = 87*m**2 - r*m**2 + m + 8*m**2. Let d be s(1). Calculate the highest common factor of 9 and d.
9
Let f(w) = -w - 7. Let o be f(-9). Suppose -t = -6*t + 3*u + 68, 2*t - 4*u - 16 = 0. Calculate the highest common factor of t and o.
2
Suppose -3*l + 90 = -0. Calculate the greatest common factor of l and 12.
6
Suppose -5*w - 349 - 56 = 0. Let u be (-2)/(w/(-42) + -2). Suppose 84 = 3*r + 3*i, 2*r - 29 = -3*i + u. Calculate the highest common divisor of r and 18.
9
Let l(d) = 2*d**2 + d - 4. Let g be l(-4). Let c be g/(-36) - (-326)/3. What is the highest common divisor of 12 and c?
12
Let q be (0 + -1 - -1) + 4. Suppose -3*b = 5*t - 157, -34 - 28 = -2*t - 2*b. Calculate the highest common factor of q and t.
4
Let d(v) = -v + 14. Let g be d(-7). What is the greatest common factor of 21 and g?
21
Suppose 148 = 2*x - 420. Suppose 4*f = 4*r - x + 16, 2*f = -3*r + 226. What is the greatest common divisor of 8 and r?
8
Let r(z) = 15*z - 5. Let f be r(2). What is the highest common divisor of 75 and f?
25
Let k(d) = -9*d + 1. Let z be k(-10). What is the greatest common factor of 13 and z?
13
Let q be 3/((-117)/(-591)) - 10/65. Calculate the greatest common factor of 5 and q.
5
Let p(h) = -33*h - 4. Let l be p(-3). Suppose -4*f + 2*c = 2, -f - 5*c + 5 = -3*f. Let v be (f - -18) + 3 - 2. Calculate the greatest common factor of l and v.
19
Suppose -l = -3*w + 7, 8 = 3*w - 3*l - 1. Suppose -w*i + 0 = -6. What is the greatest common factor of 3 and i?
3
Let f be (-12)/(-5) + (-16)/40. Calculate the greatest common factor of 22 and f.
2
Suppose -26 = k - 3*b - 146, -3*k + 316 = 2*b. What is the greatest common divisor of k and 12?
12
Suppose 0 = 5*b - k + 34, -8*k + 3*k = 5*b + 40. Let g = -75 - b. Let m = g - -110. What is the highest common factor of m and 14?
14
Let s be 7 - -71 - -2*1. Let d be (-8)/(-6) - (-4)/6. Suppose d*r - 32 = -2*r. What is the highest common factor of s and r?
8
Let y(a) = -a + 15. Let o be y(-9). Calculate the highest common factor of o and 120.
24
Suppose -5*w - 1 = 4. Let y be w - (12*-1)/2. What is the greatest common divisor of y and 2?
1
Let c(b) = 38*b**2 - 6*b + 5. Let o be c(1). What is the highest common divisor of 111 and o?
37
Let a(d) = d**3 + 18*d**2 + 6. Let u be a(-18). What is the highest common divisor of u and 18?
6
Suppose -3*w + 3*s - 128 = 166, -202 = 2*w - 5*s. Let n = w + 148. Suppose 2*u - 2*z = 24, u = -2*u - 5*z + n. What is the highest common factor of 28 and u?
14
Let p = 242 + -130. Calculate the highest common divisor of 16 and p.
16
Suppose 5*p + 3*s - 329 = 0, -3*s + 2*s + 3 = 0. Suppose -3*z - z = -p. Calculate the highest common divisor of 64 and z.
16
Let k be 41 + 9/6*-2. Calculate the highest common divisor of 19 and k.
19
Let h(l) = -7*l**3 - 3*l**2 - 2*l + 2. Let u be h(-2). Suppose r - u = -4*c + 6, -4*c + 5*r + 32 = 0. What is the highest common factor of 104 and c?
13
Let v = 99 + -74. What is the highest common divisor of 1 and v?
1
Let b = 16 - 6. What is the highest common factor of 2 and b?
2
Let v(z) = 2*z**2 + 6*z + 5. Let n be v(-4). Suppose -u + 2*u - 6 = -2*p, -2*p = -4*u - 26. Let j = n - p. What is the greatest common factor of 32 and j?
8
Suppose 0 = 5*s - 5*o - 0*o - 50, 2*o = -3*s + 20. What is the greatest common divisor of s and 72?
8
Suppose -3*x + 4*x = v + 11, -2*x = v - 37. Let f = 52 - -28. What is the highest common factor of x and f?
16
Suppose 6*t = 9*t + 96. Let g = -15 - t. Calculate the greatest common divisor of 17 and g.
17
Suppose 0 = -2*s - 3*s + 150. Calculate the greatest common divisor of 330 and s.
30
Let y = 46 + 42. Calculate the greatest common factor of y and 22.
22
Suppose -5*v - 